t o be g(11). Let x(p) be the third derivative of -1/2*p**o + 0 - 13*p**2 + 1/60*p**5 + 0*p**4 + 0*p. Calculate x(-5).
22
Let d(b) = b**2 + 5*b - 15. Let j be 6*-1 + (-22)/(-132)*-6. Determine d(j).
-1
Let m(u) be the third derivative of u**6/60 - 11*u**5/10 + u**4/12 - 65*u**3/6 - 8*u**2 + 3*u. Let j be m(33). Let c(t) = 20*t**2 + t. Calculate c(j).
21
Suppose -4*k + 4*i = 2*i - 26, -k = -3*i - 4. Let b be 14/2 - 1 - (-6 + k). Let l(o) = -o**3 + 6*o**2 - 6*o + 11. Determine l(b).
6
Let r be (-8)/5*(-175)/70. Let f(d) = d**2 + 9*d**3 - 5*d**3 + 3*d**3 - r*d + 2 + d. Calculate f(1).
7
Let d(y) = -3*y**2 + 41*y - 19. Let u be d(13). Let s(c) be the second derivative of 0 + u*c - 1/3*c**3 + 1/2*c**2. Calculate s(-5).
11
Suppose 77*x - 1270 = 82*x. Let o = x + 258. Let s(c) = -c**3 + 4*c**2 - c - 3. Determine s(o).
-7
Let d = -1741 - -1739. Let y(z) be the third derivative of -z**4/6 - z**3/2 + 9*z**2. Give y(d).
5
Let m = -2093 - -2083. Let l(k) = -7*k - 22. What is l(m)?
48
Let v(g) = g**2 + 3*g - 5. Let o be v(-4). Let w(b) = 106044154 - 24*b**2 - 106044155 - 3*b**2. What is w(o)?
-28
Let r be 268*(-1 + 4)*(-4)/(-24). Suppose -1386 - r = 19*f. Let a = 76 + f. Let b(y) = y + 1. Determine b(a).
-3
Let p(i) = -26*i + 56. Let c(b) = 1587*b - 3473. Let q(w) = 3*c(w) + 184*p(w). What is q(-5)?
0
Let m(t) = 8*t - 5*t**3 - 2*t**3 + 6 + 6*t**3 + 8*t**2 - 7. Let f be ((-1)/(9 - 240/27))/(-1). Give m(f).
-10
Let p(z) = z**2 - 6*z + 17. Let a(d) = d + 1. Let o(j) = -2*a(j) + p(j). Let c be o(6). Let g(h) = -h**3 + 5*h**2 - 3*h + 2. Calculate g(c).
11
Suppose 2*j - 2*r = 0, -3*j + 15 = 3*r - 9. Let t(v) = -5*v**3 - 7*v**2 + 10*v + 2. Let w(a) = a**3 + a**2 - a. Let c(u) = j*w(u) + t(u). What is c(-4)?
-6
Let k(i) = -i**3 - 113*i + 119*i + 41*i**2 + 2 - 38*i**2 - 6. Suppose 4 = -3*s - 3*j + 10, 0 = -2*j - 4. Calculate k(s).
4
Let o(c) = 7*c**3 + 20*c**2 - 11. Let j(m) = 2*m**2 - 3. Let v be j(2). Let l(d) = -6*d**3 - 19*d**2 + 9. Let g(i) = v*o(i) + 6*l(i). What is g(-14)?
-1
Let j(l) = l**2 + 10*l + 2. Let c = 3751 - 3760. Determine j(c).
-7
Let w(u) be the second derivative of -u**5/60 + u**4/24 + 2*u**3/3 - 4*u**2 + 2*u + 21. Let r(t) be the first derivative of w(t). What is r(4)?
-8
Let c be (4 + -6)*22/4. Let r = c + 8. Let o(j) = 96*j + 69*j + 3 - 164*j. Determine o(r).
0
Let c(g) = -17*g**3 + 17*g**2 - 4*g + 17. Let u(i) = 12*i**3 - 11*i**2 + 3*i - 11. Let o(q) = -5*c(q) - 7*u(q). Give o(8).
-16
Let q = 354 + -340. Suppose 3*w + 11 = q*w. Let o(r) = r - 2*r + 3*r**2 + 0*r. Determine o(w).
2
Let d(c) = 3*c**2 - c - 1. Suppose 0 = -4*f - 26 + 14. Give d(f).
29
Let g(b) = b - 14. Suppose 5*a - 67 = l, 12*a + 15 = 7*a. Let z be (-68)/(-6) - l/123. What is g(z)?
-2
Let q(v) = 347*v - 692. Let y be q(2). Let b(k) be the third derivative of 0 + 2/3*k**3 + 0*k + 3*k**y - 1/24*k**4. Give b(-3).
7
Let o(a) = -a**2 - 9*a - 7. Let t(f) be the second derivative of f**5/20 + f**4/12 - 3*f**2 - 2616*f. Suppose -i = 4*i. Let b be t(i). Determine o(b).
11
Let n(q) be the second derivative of -q**7/840 + 7*q**6/360 + 3*q**5/40 - q**4/4 + 155*q**3/6 + 47*q - 1. Let m(k) be the second derivative of n(k). Give m(8).
2
Let m(c) = -c**3 + 3*c**2 + 17*c - 2. Let f(k) = -k**2 + 7*k + 266. Let n be f(-13). Calculate m(n).
-8
Suppose -3*r + 4*r = -4. Let q(b) be the third derivative of 6*b**2 + 1/4*b**4 + 1/2*b**3 + 0 + 1/60*b**5 + b. Determine q(r).
-5
Let r(z) = -2*z**2 - 8*z + 3. Let j(v) = -5*v**2 - 16*v + 7. Let k(i) = -3*j(i) + 7*r(i). Suppose 0 = 36*t - 50 - 94. Give k(t).
-16
Let z(f) = f**2 + 3*f + 2. Suppose -3*y = -7*y. Let h be y*2/(-6) + -2. Let g(r) = -r**2 + r. Let d(a) = h*g(a) - z(a). Calculate d(5).
-2
Let l be (-2 - 4)*(1 - 0). Let g(j) be the second derivative of -j**5/20 - 5*j**4/12 + 5*j**3/6 - 5*j**2/2 + 2*j + 7976. What is g(l)?
1
Let a(d) = -d**2 - 83*d + 4760. Let k be a(-122). Let w(p) = -4*p**2 - 8*p + 8. Give w(k).
-24
Let d(o) = o**3 + 16*o**2 + 2*o - 4. Let w be d(-11). Let h = 587 - w. Let f(q) = q**2 - 9*q + 12. Determine f(h).
4
Let u(n) = -295*n - 272. Let s(i) = 69*i + 68. Let g(k) = 9*s(k) + 2*u(k). What is g(-3)?
-25
Let a(n) = 930*n**2 - 1 + 3*n - 6*n - 929*n**2 + 2*n. Let l be (4 + -1 + -2)*2. Let x be (-2)/((-1)/(3/l)). What is a(x)?
5
Let j(c) = -c**3 + c**2 - 2*c + 2. Suppose 5*b = 4*b - 5*u + 43, 4*b = 4*u + 196. Suppose 3*o + 48 - b = 0. Calculate j(o).
2
Let y(g) = g**2 + 5*g + 1. Let j = -81 - -81. Suppose 5*f - 128 = f. Suppose j = -4*w - 4*w - f. Give y(w).
-3
Let h(j) = -2*j - 1. Let w = 19 - 23. Let v(x) = x + 2. Let y(a) = 2*a + 1. Let n(k) = 4*v(k) - y(k). Let t be n(w). What is h(t)?
1
Let d(g) = -g - 3. Let b = -868 + 917. Suppose b*a = 30*a + 76. Determine d(a).
-7
Let c(z) = 158*z**2 - 33*z + 6. Let y(x) = -95*x**2 + 17*x - 3. Let b(k) = -6*c(k) - 10*y(k). Determine b(-14).
-6
Suppose -16 = 5*j + 3*t, 5*j - 2*t = -t - 8. Let i(n) be the third derivative of 1/20*n**5 - 2*n**2 + 0*n + 1/120*n**6 + 1/12*n**4 + 0 + 1/2*n**3. What is i(j)?
3
Let k(q) = -q**3 - q**2 + 37. Suppose 148*u = -100*u. Determine k(u).
37
Suppose -5*r - 41*t = -39*t - 148, -3*r + 3*t + 93 = 0. Let s(c) = -4*c**2 + 117*c + 93. What is s(r)?
3
Let u(d) = -d**2 - 10*d - 5. Let q be u(-10). Let c(y) = -y**3 + y**2 - y + 10. Let g(z) = -z**3 - z**2 - z + 8. Let m(x) = -2*c(x) + 3*g(x). Give m(q).
9
Let z(w) be the first derivative of -4 + 2/3*w**3 - 1/2*w**2 + 2*w. Let l be 1584/891 - (-4)/18. Give z(l).
8
Let k(m) be the third derivative of -5*m**4/24 + 3*m**3/2 + 111124*m**2. Let l = -3 + 9. What is k(l)?
-21
Let r be 276/46 - -1*48. Let z be 3/(-2) - r/(-36). Let t(b) = -2*b - 6. Determine t(z).
-6
Let c(t) = 6*t + 36. Let s be c(-6). Let q(d) = -3*d + 96*d**3 + d + 102*d**3 - 6 - 199*d**3. Calculate q(s).
-6
Let u(c) = 17*c + 34. Let k(w) = 4*w - 1. Let l(x) = -4*k(x) + u(x). What is l(0)?
38
Let u(p) = -13*p - 336. Let z be u(-26). Let y(c) = 4*c**3 - c**2 + c + 2. Calculate y(z).
32
Suppose 8*r + 16*r + 22 - 46 = 0. Let y(o) = 12*o + 8. Give y(r).
20
Suppose -3*c + 28 = -5*l - 58, -2*c - 4*l = -28. Suppose -1 = 7*a - c. Let u(g) = 5*g**2 - 4*g - 1. Determine u(a).
32
Let i(x) be the second derivative of x**7/840 + x**6/60 + x**5/24 + x**4/12 + 11*x**3/2 + 17*x + 3. Let j(p) be the second derivative of i(p). Give j(-5).
2
Let t(f) = -37*f**2 - 33*f + 1. Let r(y) = 6*y**2 + 4*y. Let z(h) = 6*r(h) + t(h). Let d = 3 + -11. Give z(d).
9
Let k(b) = 15*b - 3. Suppose -12*d - 32 = -0*d - 4*d. Give k(d).
-63
Let u(r) = -31*r + 55. Suppose -29*s - 35*s = -21*s - 86. Calculate u(s).
-7
Suppose -57*m + 6360 = -17*m. Let n = -159 + m. Let w(k) = -5 - 3 + 0*k + k. What is w(n)?
-8
Let s be (-10)/20*-7*150/21. Let z(l) = -l**3 + 25*l**2 + 13. Calculate z(s).
13
Suppose 0 = y + 3 - 7. Suppose 3*d - 2*d - 5*p = 19, -y*p = -3*d + 13. Let x(j) = 10*j + 4. Let h(z) = 19*z + 7. Let r(k) = 3*h(k) - 5*x(k). Give r(d).
-6
Let c(l) be the third derivative of 0 + 1/2*l**3 - 1/6*l**4 - 92*l**2 + 0*l. What is c(-3)?
15
Let m(j) = j**2 + 8*j - 5. Suppose -10 = 5*n - 10*n, -2*q + 2*n + 132 = 0. Suppose q - 28 = -5*d. Calculate m(d).
-5
Let y(b) = -b + 19. Suppose -10*w + 7 + 53 = 0. Suppose 0 = -w*i - 21*i. Give y(i).
19
Let k = -30 - -25. Let x(n) = -n**2 + 4*n + 9. Let s(c) = -c**2 + 6*c - 2*c + 8 - 3*c**2 + 3*c**2. Let b(a) = k*x(a) + 6*s(a). Determine b(-2).
-9
Let w(i) = -i + 1. Let d(g) = g**3 - 4*g**2 - 4*g - 2. Let m be d(5). Let y(j) = 3*j - 5. Let t(o) = m*y(o) + 12*w(o). Suppose 3*c - 6 = 3. Calculate t(c).
-12
Let t = 59 - 55. Suppose 7*p = t*p - 30. Let c be (-8)/p*120/16. Let n(f) = -f**3 + 6*f**2 + 6. What is n(c)?
6
Let i = 21 - 9. Suppose -w = 3*w - i. Let s(o) = -20*o - o**2 + 7*o - 3 + 9*o + 6*o. Calculate s(w).
-6
Suppose -3*q - 2*q = 0. Let d be 4*(0 - (-1 - q)). Let x(h) be the second derivative of h**3/2 + 2*h**2 + 3*h - 31. What is x(d)?
16
Let z(s) = 268*s - 644. Let f(n) = 217*n - 643. Let u(y) = -4*f(y) + 3*z(y). Calculate u(10).
0
Let z(n) be the third derivative of -n**4/3 - 53*n**3 - 15*n**2 - 92*n. Calculate z(-39).
-6
Let v be (-114)/7 + 1 - (-256)/896. Let p(t) = -17*t - 254. Determine p(v).
1
Let s(k) = 94 + 94 - 292 + 98 + 0*k + 2*k. What is s(7)?
8
Let p(n) be the second derivative of 83*n**3/6 - 585*n**2/2 + 8762*n. Determine p(7).
-4
Let 